[INFO] fetching crate linux-support 0.0.22...
[INFO] building linux-support-0.0.22 against master#ff34b919075f35a1787659e9c448a34b06bab8de for issue-85264
[INFO] extracting crate linux-support 0.0.22 into /workspace/builds/worker-5/source
[INFO] validating manifest of crates.io crate linux-support 0.0.22 on toolchain ff34b919075f35a1787659e9c448a34b06bab8de
[INFO] running `Command { std: "/workspace/cargo-home/bin/cargo" "+ff34b919075f35a1787659e9c448a34b06bab8de" "metadata" "--manifest-path" "Cargo.toml" "--no-deps", kill_on_drop: false }`
[INFO] started tweaking crates.io crate linux-support 0.0.22
[INFO] finished tweaking crates.io crate linux-support 0.0.22
[INFO] tweaked toml for crates.io crate linux-support 0.0.22 written to /workspace/builds/worker-5/source/Cargo.toml
[INFO] running `Command { std: "/workspace/cargo-home/bin/cargo" "+ff34b919075f35a1787659e9c448a34b06bab8de" "generate-lockfile" "--manifest-path" "Cargo.toml" "-Zno-index-update", kill_on_drop: false }`
[INFO] running `Command { std: "/workspace/cargo-home/bin/cargo" "+ff34b919075f35a1787659e9c448a34b06bab8de" "fetch" "--manifest-path" "Cargo.toml", kill_on_drop: false }`
[INFO] running `Command { std: "docker" "create" "-v" "/var/lib/crater-agent-workspace/builds/worker-5/target:/opt/rustwide/target:rw,Z" "-v" "/var/lib/crater-agent-workspace/builds/worker-5/source:/opt/rustwide/workdir:ro,Z" "-v" "/var/lib/crater-agent-workspace/cargo-home:/opt/rustwide/cargo-home:ro,Z" "-v" "/var/lib/crater-agent-workspace/rustup-home:/opt/rustwide/rustup-home:ro,Z" "-e" "SOURCE_DIR=/opt/rustwide/workdir" "-e" "CARGO_TARGET_DIR=/opt/rustwide/target" "-e" "CARGO_HOME=/opt/rustwide/cargo-home" "-e" "RUSTUP_HOME=/opt/rustwide/rustup-home" "-w" "/opt/rustwide/workdir" "-m" "1610612736" "--user" "0:0" "--network" "none" "ghcr.io/rust-lang/crates-build-env/linux@sha256:20528e8c29e4536546f0102ce88568b16ea7538393a33fcca951030f7af10457" "/opt/rustwide/cargo-home/bin/cargo" "+ff34b919075f35a1787659e9c448a34b06bab8de" "metadata" "--no-deps" "--format-version=1", kill_on_drop: false }`
[INFO] [stdout] 3e28d5871932da7a7241608297e046d5da07a46f196c97bcb5454156f0f43554
[INFO] [stderr] WARNING: Your kernel does not support swap limit capabilities or the cgroup is not mounted. Memory limited without swap.
[INFO] running `Command { std: "docker" "start" "-a" "3e28d5871932da7a7241608297e046d5da07a46f196c97bcb5454156f0f43554", kill_on_drop: false }`
[INFO] running `Command { std: "docker" "inspect" "3e28d5871932da7a7241608297e046d5da07a46f196c97bcb5454156f0f43554", kill_on_drop: false }`
[INFO] running `Command { std: "docker" "rm" "-f" "3e28d5871932da7a7241608297e046d5da07a46f196c97bcb5454156f0f43554", kill_on_drop: false }`
[INFO] [stdout] 3e28d5871932da7a7241608297e046d5da07a46f196c97bcb5454156f0f43554
[INFO] running `Command { std: "docker" "create" "-v" "/var/lib/crater-agent-workspace/builds/worker-5/target:/opt/rustwide/target:rw,Z" "-v" "/var/lib/crater-agent-workspace/builds/worker-5/source:/opt/rustwide/workdir:ro,Z" "-v" "/var/lib/crater-agent-workspace/cargo-home:/opt/rustwide/cargo-home:ro,Z" "-v" "/var/lib/crater-agent-workspace/rustup-home:/opt/rustwide/rustup-home:ro,Z" "-e" "SOURCE_DIR=/opt/rustwide/workdir" "-e" "CARGO_TARGET_DIR=/opt/rustwide/target" "-e" "CARGO_INCREMENTAL=0" "-e" "RUST_BACKTRACE=full" "-e" "RUSTFLAGS=--cap-lints=forbid" "-e" "CARGO_HOME=/opt/rustwide/cargo-home" "-e" "RUSTUP_HOME=/opt/rustwide/rustup-home" "-w" "/opt/rustwide/workdir" "-m" "1610612736" "--user" "0:0" "--network" "none" "ghcr.io/rust-lang/crates-build-env/linux@sha256:20528e8c29e4536546f0102ce88568b16ea7538393a33fcca951030f7af10457" "/opt/rustwide/cargo-home/bin/cargo" "+ff34b919075f35a1787659e9c448a34b06bab8de" "build" "--frozen" "--message-format=json", kill_on_drop: false }`
[INFO] [stdout] f7302ca0964d1cba786b9e3d3a17fc64a031e3503bf92b1201ab78e100e886ee
[INFO] [stderr] WARNING: Your kernel does not support swap limit capabilities or the cgroup is not mounted. Memory limited without swap.
[INFO] running `Command { std: "docker" "start" "-a" "f7302ca0964d1cba786b9e3d3a17fc64a031e3503bf92b1201ab78e100e886ee", kill_on_drop: false }`
[INFO] [stderr]    Compiling autocfg v1.0.1
[INFO] [stderr]    Compiling proc-macro2 v1.0.27
[INFO] [stderr]    Compiling libc v0.2.95
[INFO] [stderr]    Compiling syn v1.0.72
[INFO] [stderr]    Compiling serde_derive v1.0.126
[INFO] [stderr]    Compiling serde v1.0.126
[INFO] [stderr]    Compiling lazy_static v1.4.0
[INFO] [stderr]    Compiling cfg-if v1.0.0
[INFO] [stderr]    Compiling cfg-if v0.1.10
[INFO] [stderr]    Compiling memchr v2.4.0
[INFO] [stderr]    Compiling bitflags v1.2.1
[INFO] [stderr]    Compiling likely v0.2.0
[INFO] [stderr]    Compiling streaming-iterator v0.1.5
[INFO] [stderr]    Compiling const_fn_assert v0.1.2
[INFO] [stderr]    Compiling bit-vec v0.6.3
[INFO] [stderr]    Compiling maplit v1.0.2
[INFO] [stderr]    Compiling terminate v0.2.1
[INFO] [stderr]    Compiling num-traits v0.2.14
[INFO] [stderr]    Compiling crossbeam-utils v0.7.2
[INFO] [stderr]    Compiling num-integer v0.1.44
[INFO] [stderr]    Compiling memoffset v0.5.6
[INFO] [stderr]    Compiling indexmap v1.6.2
[INFO] [stderr]    Compiling raw-cpuid v9.0.0
[INFO] [stderr]    Compiling quote v1.0.9
[INFO] [stderr]    Compiling crossbeam-queue v0.2.3
[INFO] [stderr]    Compiling getrandom v0.2.3
[INFO] [stderr]    Compiling time v0.1.43
[INFO] [stderr]    Compiling const-cstr-fork v0.2.2
[INFO] [stderr]    Compiling errno v0.2.7
[INFO] [stderr]    Compiling libc-extra v0.3.2
[INFO] [stderr]    Compiling const-random-macro v0.1.13
[INFO] [stderr]    Compiling const-random v0.1.13
[INFO] [stderr]    Compiling ahash v0.4.7
[INFO] [stderr]    Compiling strum_macros v0.19.4
[INFO] [stderr]    Compiling hashbrown v0.9.1
[INFO] [stderr]    Compiling arrayvec v0.5.2
[INFO] [stderr]    Compiling serde-big-array v0.3.2
[INFO] [stderr]    Compiling serde_bytes v0.11.5
[INFO] [stderr]    Compiling chrono v0.4.19
[INFO] [stderr]    Compiling either v1.6.1
[INFO] [stderr]    Compiling swiss-army-knife v0.0.17
[INFO] [stderr]    Compiling linux-support v0.0.22 (/opt/rustwide/workdir)
[INFO] [stdout] error[E0308]: mismatched types
[INFO] [stdout]   --> src/resource_limits/ResourceName.rs:14:50
[INFO] [stdout]    |
[INFO] [stdout] 14 |     MaximumSizeOfVirtualMemoryAddressSpaceInBytes = RLIMIT_AS,
[INFO] [stdout]    |                                                     ^^^^^^^^^ expected `i32`, found `u32`
[INFO] [stdout] 
[INFO] [stdout] 
[INFO] [stdout] error[E0308]: mismatched types
[INFO] [stdout]   --> src/resource_limits/ResourceName.rs:16:38
[INFO] [stdout]    |
[INFO] [stdout] 16 |     MaximumSizeOfACoreDumpFileInBytes = RLIMIT_CORE,
[INFO] [stdout]    |                                         ^^^^^^^^^^^ expected `i32`, found `u32`
[INFO] [stdout] 
[INFO] [stdout] 
[INFO] [stdout] error[E0308]: mismatched types
[INFO] [stdout]   --> src/resource_limits/ResourceName.rs:18:26
[INFO] [stdout]    |
[INFO] [stdout] 18 |     CpuTimeLimitInSeconds = RLIMIT_CPU,
[INFO] [stdout]    |                             ^^^^^^^^^^ expected `i32`, found `u32`
[INFO] [stdout] 
[INFO] [stdout] 
[INFO] [stdout] error[E0308]: mismatched types
[INFO] [stdout]   --> src/resource_limits/ResourceName.rs:20:43
[INFO] [stdout]    |
[INFO] [stdout] 20 |     MaximumSizeOfProcessDataSegmentInBytes = RLIMIT_DATA,
[INFO] [stdout]    |                                              ^^^^^^^^^^^ expected `i32`, found `u32`
[INFO] [stdout] 
[INFO] [stdout] 
[INFO] [stdout] error[E0308]: mismatched types
[INFO] [stdout]   --> src/resource_limits/ResourceName.rs:23:47
[INFO] [stdout]    |
[INFO] [stdout] 23 |     MaximumSizeOfProcessResidentSetSizeInBytes = RLIMIT_RSS,
[INFO] [stdout]    |                                                  ^^^^^^^^^^ expected `i32`, found `u32`
[INFO] [stdout] 
[INFO] [stdout] 
[INFO] [stdout] error[E0308]: mismatched types
[INFO] [stdout]   --> src/resource_limits/ResourceName.rs:25:37
[INFO] [stdout]    |
[INFO] [stdout] 25 |     MaximumSizeOfProcessStackInBytes = RLIMIT_STACK,
[INFO] [stdout]    |                                        ^^^^^^^^^^^^ expected `i32`, found `u32`
[INFO] [stdout] 
[INFO] [stdout] 
[INFO] [stdout] error[E0308]: mismatched types
[INFO] [stdout]   --> src/resource_limits/ResourceName.rs:27:50
[INFO] [stdout]    |
[INFO] [stdout] 27 |     MaximumSizeOfFilesThatProcessCanCreateInBytes = RLIMIT_FSIZE,
[INFO] [stdout]    |                                                     ^^^^^^^^^^^^ expected `i32`, found `u32`
[INFO] [stdout] 
[INFO] [stdout] 
[INFO] [stdout] error[E0308]: mismatched types
[INFO] [stdout]   --> src/resource_limits/ResourceName.rs:29:46
[INFO] [stdout]    |
[INFO] [stdout] 29 |     MaximumNumberOfBytesThatProcessCanMemLock = RLIMIT_MEMLOCK,
[INFO] [stdout]    |                                                 ^^^^^^^^^^^^^^ expected `i32`, found `u32`
[INFO] [stdout] 
[INFO] [stdout] 
[INFO] [stdout] error[E0308]: mismatched types
[INFO] [stdout]   --> src/resource_limits/ResourceName.rs:31:46
[INFO] [stdout]    |
[INFO] [stdout] 31 |     MaximumNumberOfBytesForPosixMessageQueues = RLIMIT_MSGQUEUE,
[INFO] [stdout]    |                                                 ^^^^^^^^^^^^^^^ expected `i32`, found `u32`
[INFO] [stdout] 
[INFO] [stdout] 
[INFO] [stdout] error[E0308]: mismatched types
[INFO] [stdout]   --> src/resource_limits/ResourceName.rs:33:30
[INFO] [stdout]    |
[INFO] [stdout] 33 |     NiceCeilingLargerIsBetter = RLIMIT_NICE,
[INFO] [stdout]    |                                 ^^^^^^^^^^^ expected `i32`, found `u32`
[INFO] [stdout] 
[INFO] [stdout] 
[INFO] [stdout] error[E0308]: mismatched types
[INFO] [stdout]   --> src/resource_limits/ResourceName.rs:35:42
[INFO] [stdout]    |
[INFO] [stdout] 35 |     RealTimePriorityCeilingLargerIsBetter = RLIMIT_RTPRIO,
[INFO] [stdout]    |                                             ^^^^^^^^^^^^^ expected `i32`, found `u32`
[INFO] [stdout] 
[INFO] [stdout] 
[INFO] [stdout] error[E0308]: mismatched types
[INFO] [stdout]   --> src/resource_limits/ResourceName.rs:37:35
[INFO] [stdout]    |
[INFO] [stdout] 37 |     MaximumNumberOfFileDescriptors = RLIMIT_NOFILE,
[INFO] [stdout]    |                                      ^^^^^^^^^^^^^ expected `i32`, found `u32`
[INFO] [stdout] 
[INFO] [stdout] 
[INFO] [stdout] error[E0308]: mismatched types
[INFO] [stdout]   --> src/resource_limits/ResourceName.rs:39:37
[INFO] [stdout]    |
[INFO] [stdout] 39 |     MaximumNumberOfProcessAndThreads = RLIMIT_NPROC,
[INFO] [stdout]    |                                        ^^^^^^^^^^^^ expected `i32`, found `u32`
[INFO] [stdout] 
[INFO] [stdout] 
[INFO] [stdout] error[E0308]: mismatched types
[INFO] [stdout]   --> src/resource_limits/ResourceName.rs:41:40
[INFO] [stdout]    |
[INFO] [stdout] 41 |     RealTimePriorityLimitInMicroseconds = RLIMIT_RTTIME,
[INFO] [stdout]    |                                           ^^^^^^^^^^^^^ expected `i32`, found `u32`
[INFO] [stdout] 
[INFO] [stdout] 
[INFO] [stdout] error[E0308]: mismatched types
[INFO] [stdout]   --> src/resource_limits/ResourceName.rs:43:34
[INFO] [stdout]    |
[INFO] [stdout] 43 |     MaximumNumberOfSignalsPending = RLIMIT_SIGPENDING,
[INFO] [stdout]    |                                     ^^^^^^^^^^^^^^^^^ expected `i32`, found `u32`
[INFO] [stdout] 
[INFO] [stdout] 
[INFO] [stdout] error: aborting due to 15 previous errors
[INFO] [stdout] 
[INFO] [stdout] 
[INFO] [stdout] For more information about this error, try `rustc --explain E0308`.
[INFO] [stdout] 
[INFO] [stderr] error: could not compile `linux-support`
[INFO] [stderr] 
[INFO] [stderr] To learn more, run the command again with --verbose.
[INFO] running `Command { std: "docker" "inspect" "f7302ca0964d1cba786b9e3d3a17fc64a031e3503bf92b1201ab78e100e886ee", kill_on_drop: false }`
[INFO] running `Command { std: "docker" "rm" "-f" "f7302ca0964d1cba786b9e3d3a17fc64a031e3503bf92b1201ab78e100e886ee", kill_on_drop: false }`
[INFO] [stdout] f7302ca0964d1cba786b9e3d3a17fc64a031e3503bf92b1201ab78e100e886ee
